{"id":5,"date":"2019-09-30T15:45:00","date_gmt":"2019-09-30T13:45:00","guid":{"rendered":"http:\/\/foto-legler.com\/bin\/?page_id=5"},"modified":"2021-08-17T15:49:06","modified_gmt":"2021-08-17T13:49:06","slug":"startseite","status":"publish","type":"page","link":"http:\/\/foto-legler.com\/bin\/","title":{"rendered":"Startseite"},"content":{"rendered":"\n<figure class=\"wp-block-image\"><img loading=\"lazy\" decoding=\"async\" width=\"991\" height=\"649\" src=\"http:\/\/foto-legler.com\/bin\/wp-content\/uploads\/2019\/09\/Travel03_R\u00fcckseite-1.jpg\" alt=\"\" class=\"wp-image-114\" srcset=\"http:\/\/foto-legler.com\/bin\/wp-content\/uploads\/2019\/09\/Travel03_R\u00fcckseite-1.jpg 991w, http:\/\/foto-legler.com\/bin\/wp-content\/uploads\/2019\/09\/Travel03_R\u00fcckseite-1-300x196.jpg 300w, http:\/\/foto-legler.com\/bin\/wp-content\/uploads\/2019\/09\/Travel03_R\u00fcckseite-1-768x503.jpg 768w\" sizes=\"auto, (max-width: 991px) 100vw, 991px\" \/><figcaption>Polarlichter auf den Lofoten in Norwegen<\/figcaption><\/figure>\n\n\n\n<p class=\"has-vivid-cyan-blue-color has-text-color has-background\" style=\"background-color:#ffffff\">Herzlich Willkommen &#8230;<br>&#8230; auf meiner Internetseite.<br>Ich w\u00fcnsche Ihnen viel Spa\u00df beim Betrachten<br>meines Portfolios. <\/p>\n\n\n\n<p class=\"has-vivid-cyan-blue-color has-text-color has-background\" style=\"background-color:#ffffff\">Seit einiger Zeit befindet sich diese Seite im Neuaufbau, aktuell hat mich mein Umzug hier deutlich im Zeitplan zur\u00fcck geworfen. Auch meine Arbeit im Ausland ist nicht unbedingt hilfreich, ich bem\u00fche mich aber die Seite m\u00f6glichst bald zu vervollst\u00e4ndigen.<br>Ihr Ralf Legler<\/p>\n","protected":false},"excerpt":{"rendered":"<p>Herzlich Willkommen &#8230;&#8230; auf meiner Internetseite.Ich w\u00fcnsche Ihnen viel Spa\u00df beim Betrachtenmeines Portfolios. Seit einiger Zeit befindet sich diese Seite im Neuaufbau, aktuell hat mich mein Umzug hier deutlich im Zeitplan zur\u00fcck geworfen. Auch meine Arbeit im Ausland ist nicht unbedingt hilfreich, ich bem\u00fche mich aber die Seite m\u00f6glichst bald zu vervollst\u00e4ndigen.Ihr Ralf Legler<\/p>\n","protected":false},"author":2,"featured_media":0,"parent":0,"menu_order":0,"comment_status":"closed","ping_status":"closed","template":"","meta":{"footnotes":""},"class_list":["post-5","page","type-page","status-publish","hentry"],"_links":{"self":[{"href":"http:\/\/foto-legler.com\/bin\/wp-json\/wp\/v2\/pages\/5","targetHints":{"allow":["GET"]}}],"collection":[{"href":"http:\/\/foto-legler.com\/bin\/wp-json\/wp\/v2\/pages"}],"about":[{"href":"http:\/\/foto-legler.com\/bin\/wp-json\/wp\/v2\/types\/page"}],"author":[{"embeddable":true,"href":"http:\/\/foto-legler.com\/bin\/wp-json\/wp\/v2\/users\/2"}],"replies":[{"embeddable":true,"href":"http:\/\/foto-legler.com\/bin\/wp-json\/wp\/v2\/comments?post=5"}],"version-history":[{"count":16,"href":"http:\/\/foto-legler.com\/bin\/wp-json\/wp\/v2\/pages\/5\/revisions"}],"predecessor-version":[{"id":464,"href":"http:\/\/foto-legler.com\/bin\/wp-json\/wp\/v2\/pages\/5\/revisions\/464"}],"wp:attachment":[{"href":"http:\/\/foto-legler.com\/bin\/wp-json\/wp\/v2\/media?parent=5"}],"curies":[{"name":"wp","href":"https:\/\/api.w.org\/{rel}","templated":true}]}}

<figure class="wp-block-image"><img loading="lazy" decoding="async" width="991" height="649" src="http://foto-legler.com/bin/wp-content/uploads/2019/09/Travel03_Rückseite-1.jpg" alt="" class="wp-image-114" srcset="http://foto-legler.com/bin/wp-content/uploads/2019/09/Travel03_Rückseite-1.jpg 991w, http://foto-legler.com/bin/wp-content/uploads/2019/09/Travel03_Rückseite-1-300x196.jpg 300w, http://foto-legler.com/bin/wp-content/uploads/2019/09/Travel03_Rückseite-1-768x503.jpg 768w" sizes="auto, (max-width: 991px) 100vw, 991px" /><figcaption>Polarlichter auf den Lofoten in Norwegen</figcaption></figure>



<p class="has-vivid-cyan-blue-color has-text-color has-background" style="background-color:#ffffff">Herzlich Willkommen &#8230;<br>&#8230; auf meiner Internetseite.<br>Ich wünsche Ihnen viel Spaß beim Betrachten<br>meines Portfolios. </p>



<p class="has-vivid-cyan-blue-color has-text-color has-background" style="background-color:#ffffff">Seit einiger Zeit befindet sich diese Seite im Neuaufbau, aktuell hat mich mein Umzug hier deutlich im Zeitplan zurück geworfen. Auch meine Arbeit im Ausland ist nicht unbedingt hilfreich, ich bemühe mich aber die Seite möglichst bald zu vervollständigen.<br>Ihr Ralf Legler</p>

<p>Herzlich Willkommen &#8230;&#8230; auf meiner Internetseite.Ich wünsche Ihnen viel Spaß beim Betrachtenmeines Portfolios. Seit einiger Zeit befindet sich diese Seite im Neuaufbau, aktuell hat mich mein Umzug hier deutlich im Zeitplan zurück geworfen. Auch meine Arbeit im Ausland ist nicht unbedingt hilfreich, ich bemühe mich aber die Seite möglichst bald zu vervollständigen.Ihr Ralf Legler</p>
