{"id":480,"date":"2023-09-05T18:11:46","date_gmt":"2023-09-05T16:11:46","guid":{"rendered":"https:\/\/foto-legler.com\/bin\/?page_id=480"},"modified":"2023-09-16T17:03:05","modified_gmt":"2023-09-16T15:03:05","slug":"drohne-videografie","status":"publish","type":"page","link":"http:\/\/foto-legler.com\/bin\/drohne\/drohne-videografie\/","title":{"rendered":"Videografie"},"content":{"rendered":"\n<figure class=\"wp-block-video\"><video controls src=\"http:\/\/foto-legler.com\/bin\/wp-content\/uploads\/2023\/09\/AURAvoir_ONLINE-Version_1080p.mp4\"><\/video><\/figure>\n\n\n\n<p>Dieses Video liegt mir ein gewisses St\u00fcck weit am Herzen. Ich habe auf AIDAaura meinen ersten Einsatz in 2016 als Foto-Manager gehabt, sp\u00e4ter war ich nochmals 2017 als Foto-Manager auf AIDAaura und hatte ein herrausragendes Fototeam. Danach gab es die Manager-Position auf AIDAaura nicht mehr und ich kam lediglich f\u00fcr einen kurzen Einsatz um auszuhelfen (11 Tage) als Foto-Laborant in 2019 nochmals zur\u00fcck.<\/p>\n\n\n\n<p>Jetzt hatte ich das Gl\u00fcck AIDAaura bei ihren letzten Fahrten als Manager Warehouse Administration &amp; Systems dabei sein zu d\u00fcrfen, gerade die Gr\u00f6nlandreise, auf welcher dieses Video entstanden ist war toll und somit m\u00f6chte ich mich auch hier von diesem &#8222;Kutter&#8220; verabschieden.<\/p>\n","protected":false},"excerpt":{"rendered":"<p>Dieses Video liegt mir ein gewisses St\u00fcck weit am Herzen. Ich habe auf AIDAaura meinen ersten Einsatz in 2016 als Foto-Manager gehabt, sp\u00e4ter war ich nochmals 2017 als Foto-Manager auf AIDAaura und hatte ein herrausragendes Fototeam. Danach gab es die Manager-Position auf AIDAaura nicht mehr und ich kam lediglich f\u00fcr einen kurzen Einsatz um auszuhelfen [&hellip;]<\/p>\n","protected":false},"author":2,"featured_media":0,"parent":471,"menu_order":2,"comment_status":"closed","ping_status":"closed","template":"","meta":{"footnotes":""},"class_list":["post-480","page","type-page","status-publish","hentry"],"_links":{"self":[{"href":"http:\/\/foto-legler.com\/bin\/wp-json\/wp\/v2\/pages\/480","targetHints":{"allow":["GET"]}}],"collection":[{"href":"http:\/\/foto-legler.com\/bin\/wp-json\/wp\/v2\/pages"}],"about":[{"href":"http:\/\/foto-legler.com\/bin\/wp-json\/wp\/v2\/types\/page"}],"author":[{"embeddable":true,"href":"http:\/\/foto-legler.com\/bin\/wp-json\/wp\/v2\/users\/2"}],"replies":[{"embeddable":true,"href":"http:\/\/foto-legler.com\/bin\/wp-json\/wp\/v2\/comments?post=480"}],"version-history":[{"count":5,"href":"http:\/\/foto-legler.com\/bin\/wp-json\/wp\/v2\/pages\/480\/revisions"}],"predecessor-version":[{"id":497,"href":"http:\/\/foto-legler.com\/bin\/wp-json\/wp\/v2\/pages\/480\/revisions\/497"}],"up":[{"embeddable":true,"href":"http:\/\/foto-legler.com\/bin\/wp-json\/wp\/v2\/pages\/471"}],"wp:attachment":[{"href":"http:\/\/foto-legler.com\/bin\/wp-json\/wp\/v2\/media?parent=480"}],"curies":[{"name":"wp","href":"https:\/\/api.w.org\/{rel}","templated":true}]}}