{"id":34,"date":"2019-09-30T16:05:50","date_gmt":"2019-09-30T14:05:50","guid":{"rendered":"http:\/\/foto-legler.com\/bin\/?page_id=34"},"modified":"2023-09-05T18:39:15","modified_gmt":"2023-09-05T16:39:15","slug":"nutzungsrechte","status":"publish","type":"page","link":"http:\/\/foto-legler.com\/bin\/rechtliches\/nutzungsrechte\/","title":{"rendered":"Nutzungsrechte"},"content":{"rendered":"\n<p class=\"has-background has-very-light-gray-background-color\">Immer wieder viel diskutiert &#8230;<br>S\u00e4mtliche hier gezeigten Bilder unterliegen dem Urheberrecht!<br>Ich untersage jegliche Verwendung oder Vervielf\u00e4ltigung meiner Bilder!<\/p>\n\n\n\n<p class=\"has-background has-very-light-gray-background-color\">Wenn Sie ein Bild verwenden m\u00f6chten, so ist dies m\u00f6glich,<br>eine schriftliche Genehmigung ist allerdings unumg\u00e4nglich!<\/p>\n\n\n\n<p class=\"has-background has-very-light-gray-background-color\">Im Regelfall bestehe ich immer auf das Recht der Namensnennung,<br>auch wenn Nutzungsrechte einger\u00e4umt wurden! Bei jeglicher materieller Ver\u00f6ffentlichung bestehe ich auf die \u00dcbersendung von Belegexemplaren.<\/p>\n\n\n\n<p class=\"has-background has-very-light-gray-background-color\">Eine Namensnennung hat immer am Bild zu erfolgen, ausgenommen alle Bilder auf einer materiellen Seite stammen von mir.<\/p>\n\n\n\n<p class=\"has-background has-very-light-gray-background-color\">S\u00e4mtliche auf meiner Internetseite abgebildeten Personen haben einer Ver\u00f6ffentlichung ihrer Bilder zugestimmt. Bei Minderj\u00e4hrigen haben die Erziehungsberechtigten einer Ver\u00f6ffentlichung zugestimmt.<\/p>\n\n\n\n<p class=\"has-background has-very-light-gray-background-color\">AGB und Widerrufsbelehrung:&nbsp;<a href=\"http:\/\/www.foto-legler.com\/dls\/ALGB.pdf\" target=\"_blank\" rel=\"noreferrer noopener\">download<\/a><\/p>\n","protected":false},"excerpt":{"rendered":"<p>Immer wieder viel diskutiert &#8230;S\u00e4mtliche hier gezeigten Bilder unterliegen dem Urheberrecht!Ich untersage jegliche Verwendung oder Vervielf\u00e4ltigung meiner Bilder! Wenn Sie ein Bild verwenden m\u00f6chten, so ist dies m\u00f6glich,eine schriftliche Genehmigung ist allerdings unumg\u00e4nglich! Im Regelfall bestehe ich immer auf das Recht der Namensnennung,auch wenn Nutzungsrechte einger\u00e4umt wurden! Bei jeglicher materieller Ver\u00f6ffentlichung bestehe ich auf die [&hellip;]<\/p>\n","protected":false},"author":2,"featured_media":0,"parent":20,"menu_order":0,"comment_status":"closed","ping_status":"closed","template":"","meta":{"footnotes":""},"class_list":["post-34","page","type-page","status-publish","hentry"],"_links":{"self":[{"href":"http:\/\/foto-legler.com\/bin\/wp-json\/wp\/v2\/pages\/34","targetHints":{"allow":["GET"]}}],"collection":[{"href":"http:\/\/foto-legler.com\/bin\/wp-json\/wp\/v2\/pages"}],"about":[{"href":"http:\/\/foto-legler.com\/bin\/wp-json\/wp\/v2\/types\/page"}],"author":[{"embeddable":true,"href":"http:\/\/foto-legler.com\/bin\/wp-json\/wp\/v2\/users\/2"}],"replies":[{"embeddable":true,"href":"http:\/\/foto-legler.com\/bin\/wp-json\/wp\/v2\/comments?post=34"}],"version-history":[{"count":6,"href":"http:\/\/foto-legler.com\/bin\/wp-json\/wp\/v2\/pages\/34\/revisions"}],"predecessor-version":[{"id":92,"href":"http:\/\/foto-legler.com\/bin\/wp-json\/wp\/v2\/pages\/34\/revisions\/92"}],"up":[{"embeddable":true,"href":"http:\/\/foto-legler.com\/bin\/wp-json\/wp\/v2\/pages\/20"}],"wp:attachment":[{"href":"http:\/\/foto-legler.com\/bin\/wp-json\/wp\/v2\/media?parent=34"}],"curies":[{"name":"wp","href":"https:\/\/api.w.org\/{rel}","templated":true}]}}